{"id":441,"date":"2023-03-14T15:50:49","date_gmt":"2023-03-14T14:50:49","guid":{"rendered":"https:\/\/smart.swiss\/?page_id=441"},"modified":"2023-03-16T06:43:34","modified_gmt":"2023-03-16T05:43:34","slug":"news-2023","status":"publish","type":"page","link":"https:\/\/smart.swiss\/?page_id=441","title":{"rendered":"News 2023"},"content":{"rendered":"\n<p><\/p>\n\n\n\n<figure class=\"wp-block-image aligncenter size-full\"><a href=\"https:\/\/smart.swiss\/wp-content\/uploads\/2023\/03\/grafik-2.png\"><img loading=\"lazy\" decoding=\"async\" width=\"401\" height=\"282\" src=\"https:\/\/smart.swiss\/wp-content\/uploads\/2023\/03\/grafik-2.png\" alt=\"\" class=\"wp-image-153\" srcset=\"https:\/\/smart.swiss\/wp-content\/uploads\/2023\/03\/grafik-2.png 401w, https:\/\/smart.swiss\/wp-content\/uploads\/2023\/03\/grafik-2-300x211.png 300w\" sizes=\"(max-width: 401px) 100vw, 401px\" \/><\/a><\/figure>\n\n\n\n<p><\/p>\n\n\n\n<p><\/p>\n\n\n\n<p><\/p>\n\n\n\n<div class=\"wp-block-columns is-layout-flex wp-container-core-columns-is-layout-9d6595d7 wp-block-columns-is-layout-flex\">\n<div class=\"wp-block-column is-layout-flow wp-block-column-is-layout-flow\">\n<figure class=\"wp-block-image aligncenter size-full is-resized\"><a href=\"https:\/\/smart.swiss\/wp-content\/uploads\/2023\/03\/grafik-21.png\"><img loading=\"lazy\" decoding=\"async\" src=\"https:\/\/smart.swiss\/wp-content\/uploads\/2023\/03\/grafik-21.png\" alt=\"\" class=\"wp-image-234\" width=\"317\" height=\"74\"\/><\/a><\/figure>\n<\/div>\n\n\n\n<div class=\"wp-block-column is-layout-flow wp-block-column-is-layout-flow\">\n<figure class=\"wp-block-image aligncenter size-large is-resized\"><a href=\"https:\/\/smart.swiss\/wp-content\/uploads\/2023\/03\/grafik-20.png\"><img loading=\"lazy\" decoding=\"async\" src=\"https:\/\/smart.swiss\/wp-content\/uploads\/2023\/03\/grafik-20-1024x284.png\" alt=\"\" class=\"wp-image-229\" width=\"271\" height=\"74\"\/><\/a><\/figure>\n<\/div>\n<\/div>\n\n\n\n<p><\/p>\n\n\n\n<h2 class=\"has-text-align-center wp-block-heading\"><strong>Smart.Swiss AG und RYF-HAUSTE.CH AG:<\/strong><\/h2>\n\n\n\n<h2 class=\"has-text-align-center wp-block-heading\"><strong>neue Kooperation ab 2023<\/strong><\/h2>\n\n\n\n<p><\/p>\n\n\n\n<p><\/p>\n\n\n\n<p>Wir freuen uns, Ihnen mitteilen zu k\u00f6nnen, dass die RYF-HAUSTE.CH AG und die Smart.Swiss AG seit dem 01.01.2023 in einer partnerschaftlichen Kooperation zusammenarbeiten. Diese umfasst die Bereiche Facility Management bei Wartungen\/Service und IT\/Digitalisierung. Beide Firmen sind Teil der NewHold AG, Z\u00fcrich.<\/p>\n\n\n\n<p>Dank der \u00dcbernahme der Aufgaben und Rechte von RYF-HAUSTE.CH AG durch die Smart.Swiss AG, einschliesslich des bisherigen Fachpersonals, welches die Anlagen kennt, k\u00f6nnen wir alle Servicedienstleistungen nahtlos gew\u00e4hrleisten. Die Spezialisierung der Smart.Swiss AG tr\u00e4gt dazu bei, die Qualit\u00e4t des Services weiter zu steigern.<\/p>\n\n\n\n<p>Wir bedanken uns f\u00fcr Ihr Vertrauen und freuen uns auf eine erfolgreiche Zusammenarbeit. <\/p>\n\n\n\n<p>Ihr Smart.Swiss und RYF-HAUSTE.CH Team<\/p>\n\n\n\n<p><\/p>\n\n\n\n<p><\/p>\n\n\n\n<p><\/p>\n\n\n\n<p><\/p>\n","protected":false},"excerpt":{"rendered":"<p>Smart.Swiss AG und RYF-HAUSTE.CH AG: neue Kooperation ab 2023 Wir freuen uns, Ihnen mitteilen zu k\u00f6nnen, dass die RYF-HAUSTE.CH AG und die Smart.Swiss AG seit dem 01.01.2023 in einer partnerschaftlichen Kooperation zusammenarbeiten. Diese umfasst die Bereiche Facility Management bei Wartungen\/Service und IT\/Digitalisierung. Beide Firmen sind Teil der NewHold AG, Z\u00fcrich. Dank der \u00dcbernahme der Aufgaben [&hellip;]<\/p>\n","protected":false},"author":1,"featured_media":0,"parent":0,"menu_order":0,"comment_status":"closed","ping_status":"closed","template":"","meta":{"_et_pb_use_builder":"off","_et_pb_old_content":"","_et_gb_content_width":"1080","footnotes":""},"class_list":["post-441","page","type-page","status-publish","hentry"],"_links":{"self":[{"href":"https:\/\/smart.swiss\/index.php?rest_route=\/wp\/v2\/pages\/441","targetHints":{"allow":["GET"]}}],"collection":[{"href":"https:\/\/smart.swiss\/index.php?rest_route=\/wp\/v2\/pages"}],"about":[{"href":"https:\/\/smart.swiss\/index.php?rest_route=\/wp\/v2\/types\/page"}],"author":[{"embeddable":true,"href":"https:\/\/smart.swiss\/index.php?rest_route=\/wp\/v2\/users\/1"}],"replies":[{"embeddable":true,"href":"https:\/\/smart.swiss\/index.php?rest_route=%2Fwp%2Fv2%2Fcomments&post=441"}],"version-history":[{"count":5,"href":"https:\/\/smart.swiss\/index.php?rest_route=\/wp\/v2\/pages\/441\/revisions"}],"predecessor-version":[{"id":447,"href":"https:\/\/smart.swiss\/index.php?rest_route=\/wp\/v2\/pages\/441\/revisions\/447"}],"wp:attachment":[{"href":"https:\/\/smart.swiss\/index.php?rest_route=%2Fwp%2Fv2%2Fmedia&parent=441"}],"curies":[{"name":"wp","href":"https:\/\/api.w.org\/{rel}","templated":true}]}}